r when 1362 is divided by y.
18
Let o be 1*(2 - 0 - 0). Let z(a) = 5*a - 6. Let l be z(o). Suppose -51 = -l*h + 149. What is the remainder when h is divided by 27?
23
Suppose -156 = 9*y - 12*y - 2*x, -5*x + 104 = 2*y. Let k = -440 - -467. What is the remainder when y is divided by k?
25
Let n = -3789 + 5082. Calculate the remainder when n is divided by 15.
3
Suppose 4*t = 4*b - 0*b - 872, 3*b - 662 = -t. Suppose y - 16 = -x + 34, 5*x - y - b = 0. Calculate the remainder when x is divided by 4/(4 + -3) + 4.
5
Let j(b) = -51*b + 8. Let s be j(-3). Suppose -11*h + 18*h - s = 0. Suppose 202 = 22*u - 62. What is the remainder when h is divided by u?
11
Let h(w) = -7*w + 177. Suppose 9*d + 22 - 103 = 0. What is the remainder when h(d) is divided by 42?
30
Suppose 1462 = 31*m - 4573 - 1498. Calculate the remainder when m is divided by 86.
71
Suppose 2*f = 2*h + 1366, -f - 8*h + 4*h + 643 = 0. Calculate the remainder when f is divided by 90.
45
Suppose -3 = 6*q - 3*q. Let s(r) = 7*r**2 + r + 2. Let b be s(q). Suppose 4*a = b*a - 52. What is the remainder when 21 is divided by a?
8
Suppose 0 = 2*m + q - 59, -4*m = -4*q + 669 - 769. Suppose -1 = z - 12. Calculate the remainder when m is divided by z.
6
Calculate the remainder when ((-57)/(-76) - 3)/((-1)/48) is divided by 10.
8
Let j(k) = 557*k - 3796. What is the remainder when 182 is divided by j(7)?
79
Let u = -20477 + 20504. What is the remainder when u is divided by 24?
3
Let t = 113 - 104. Suppose 5*s = 4*g + 375, -4*s - 75 = g - t*s. Let v = 105 + g. Calculate the remainder when 18 is divided by v.
3
Suppose 41*s - 5 = 36*s, -12 = -r + 3*s. Calculate the remainder when 624 is divided by r.
9
Let o = 312 + -200. Suppose 456 + o = 2*q. Suppose 4*y + 2*k - q = 0, 5*y - 4*y + 2*k - 71 = 0. What is the remainder when y is divided by 12?
11
Suppose -19494*k = -19551*k + 1881. Let l = 121 - 58. What is the remainder when l is divided by k?
30
What is the remainder when 808 is divided by 4 - (767/(-13) + 12)?
43
Suppose -6*o + 217 = -641. Suppose 0 = 70*g - 72*g + 72. Calculate the remainder when o is divided by g.
35
Suppose -5*u - 1585 = -3*b, 9*u = -5*b + 7*u + 2621. What is the remainder when b is divided by 69?
42
Suppose 0 = 4*u + u - 245. Let g = 11804 - 11796. What is the remainder when u is divided by g?
1
Suppose -3*k - 2*o + 344 = 0, -9*k + 7*k + 4*o = -256. Let x = k - -173. Calculate the remainder when x is divided by 49.
46
Suppose -4*o - 32753 = -33229. Calculate the remainder when 9042 is divided by o.
117
Suppose -6*k = l - 3*k - 37, -4*l = 2*k - 118. Let n be (-1)/((-4)/2294) - 30/20. Suppose 808 + n = 10*s. Calculate the remainder when s is divided by l.
26
Let s = 262 + -277. Let r = s - -156. Calculate the remainder when r is divided by 21.
15
Suppose -v + 12 = 3*w, 2*w - 16 = -2*w - 2*v. Suppose 4496 = 24*z + 1376. Suppose -t + 11*t - z = 0. Calculate the remainder when t is divided by w.
1
Suppose -4*n + 3*o = -383, -4*n - 96 = -5*n + o. Calculate the remainder when 473 is divided by n.
93
Let o = 290 - 135. Let r = 251 - o. What is the remainder when r is divided by 11?
8
Suppose -184 = -d - 3*d. What is the remainder when d is divided by 146/14 - 11 - -6*(-41)/(-14)?
12
Suppose 23*z - 514997 + 63533 = -289*z. What is the remainder when z is divided by 11?
6
Suppose 2*y - 5 = y. Suppose 5*f + y*u = 8*f - 40, -5*u - 25 = 0. Suppose 2*m - 48 - 12 = 4*b, f*m - 5*b = 155. What is the remainder when 108 is divided by m?
12
Let p be (-3568)/(-22) - (-2)/22*-2. Suppose 155*c + 224 = p*c. Calculate the remainder when 95 is divided by c.
31
Let a be ((-8)/(-14))/((-336)/49 - -7). Let t(o) = 2*o**3 + 8*o**2 + 8*o - 2. What is the remainder when t(a) is divided by 48?
46
Suppose -b - 18*b + 722 = 0. Suppose 5*x - b = -5*w + 7, 5*w - 33 = -4*x. Calculate the remainder when 32 is divided by x.
8
Let r be 1/(-3) + 2/6. Suppose -2*p + u + 268 = 0, r*p + 2*p = 3*u + 268. What is the remainder when p is divided by 27?
26
Let c = -2977 + 3148. Calculate the remainder when 676 is divided by c.
163
Suppose -2810 = -2*y - 3*x, -109*x + 7125 = 5*y - 114*x. Calculate the remainder when y is divided by 67.
10
Suppose -552 = -0*p - 3*p. Suppose 0*u - p = -2*u. Let l = -272412 - -272446. Calculate the remainder when u is divided by l.
24
Let g = 678 + 15336. Calculate the remainder when g is divided by 91.
89
Let p be -3 - (4 + 20)/(-3). Suppose p*d - 4*d - 49 = 0. What is the remainder when 146*-6*(-2)/12 is divided by d?
48
Let l(d) = d**2 - 23*d + 34. Let x = -119 - -141. Let r(m) = 4*m**2 - 7*m + 10. Calculate the remainder when r(4) is divided by l(x).
10
Let q = -316 - -113. Let n = q + 333. Suppose -175*s = -74*s - 64*s - 2442. Calculate the remainder when n is divided by s.
64
Suppose -70*t - 155 + 1364 + 331 = 0. What is the remainder when 1838 is divided by t?
12
Let s(o) be the first derivative of -3*o**2/2 - 39*o - 33. Let y be s(-19). Suppose -y*u = -22*u + 172. Calculate the remainder when 169 is divided by u.
40
Suppose -6*p + 138 + 108 = 0. Suppose 5*y - p = 189. Let r = y + -4. What is the remainder when r is divided by 9?
6
Suppose t = -y + 582, 1188 = 15*t - 13*t - 2*y. Calculate the remainder when t is divided by 121.
104
Let r(l) = 103*l + 1404. Calculate the remainder when 2334 is divided by r(-13).
59
Let b(s) = -77*s**2 - 9*s + 193. What is the remainder when b(0) is divided by 6?
1
Let y(z) = z**2 - 6*z - 46. Let s be y(13). Let l = s - -18. Calculate the remainder when l is divided by 14.
7
Let w(y) = y**3 + 3*y**2 - 3*y - 4. Let v be w(-3). Suppose -2*t - 102 = -v*t. Let b = -35908 - -35973. What is the remainder when b is divided by t?
31
Let t = -346 + 623. Let l = 162 + t. What is the remainder when l is divided by 44?
43
Let o = 9 - -5. Suppose -2*h + 11*t + 16 = 15*t, 18 = 2*h + 2*t. Suppose -h*v = -12*v + o. What is the remainder when 34 is divided by v?
6
Suppose -474 = -2*k + f - 126, -4 = f. Suppose 2*c = -2*g + k, 5*c - 39 - 403 = g. Suppose -r + c = 21. Calculate the remainder when r is divided by 35.
32
Let n be (1 + -7)*2/(-3). Suppose 7*t = n*t + 174. Calculate the remainder when t is divided by -1*1*(-2)/3*30.
18
Calculate the remainder when 190 is divided by (-200)/350 + (-4384)/(-28).
34
Let k = 29 + -13. Let v = 230 + -196. What is the remainder when v - 0 - (-2 + 5) is divided by k?
15
Suppose 3*y + 3*f = 36, -2*y + 18 = -0*y + 5*f. Suppose 20 = 5*x + 5. What is the remainder when y is divided by x/2 - 17/(-2)?
4
Let w be (4 - (-3 + 125))/(-2). Let q = w + -51. Let x = 14 - q. Calculate the remainder when 23 is divided by x.
5
Suppose -2*m - 136 = -4*k - 34, -5*k + 152 = -6*m. What is the remainder when 877 is divided by k?
19
Let n(o) = -o**2 + 16*o - 15. Let t be n(15). Suppose -3*d + 12 + 0 = t. Calculate the remainder when 59 is divided by (-238)/(-21) - d/(-6).
11
Let q = 15343 + -15132. Calculate the remainder when q is divided by 68.
7
Let m(u) = -927*u + 3937. What is the remainder when m(3) is divided by 356?
88
Let m(o) = 2*o**3 - 56*o**2 - 151*o - 28. What is the remainder when m(35) is divided by 16?
13
Suppose -3*h = -0*z - 2*z + 7, -4*h - 12 = -4*z. Suppose 5 = z*b - 9. Let j = 16 - b. Calculate the remainder when 26 is divided by j.
8
Let k be -10*(-3)/(0 + 3). Let i = 1 + k. Calculate the remainder when 30 is divided by (13 - 2)/(i - 10).
8
Suppose 14*f - 648 = 276. Suppose 3*n - 104 = -2*m + 2*n, 4*n - f = -m. Calculate the remainder when m is divided by 19.
12
Suppose -5*g - 3334 = -3*d - 0*d, -9*g + 4461 = 4*d. What is the remainder when d is divided by 331?
120
Let x = 64 + -33. Let z = x + -23. Suppose -4*g + 42 = -5*v, 24 = 2*g + 4*v - 5*v. Calculate the remainder when g is divided by z.
5
Let y = -80 + 29. Let g = y - -94. Let b = -32 + g. Calculate the remainder when 42 is divided by b.
9
Let p(m) = -12*m - 37. Let u be p(-3). Calculate the remainder when 28 is divided by 22 + 1/((u/4)/1).
10
Let m = 17 + 20. Suppose -10*v - 5*v - 660 = 0. Let c = 154 + v. What is the remainder when c is divided by m?
36
Suppose 42 + 98 - 242 = -6*z. Calculate the remainder when 1804 is divided by z.
2
Suppose -29*r + 17*r + 108 = 0. Suppose 44 = 3*l + u, l + 4*u - 11 = -0*u. Calculate the remainder when l is divided by r.
6
Suppose -6*m + 124 = -75